False
Is 16 a factor of 942987392?
True
Is 976671513 a multiple of 9?
True
Is 404 a factor of 345349?
False
Is 1578811365 a multiple of 224?
False
Is 276507189 a multiple of 27?
True
Does 712 divide 2399188106?
False
Is 1903346223 a multiple of 11876?
False
Is 18653338 a multiple of 2258?
True
Does 11 divide 48668565?
True
Is 19 a factor of 55436148?
True
Does 25 divide 1821892751?
False
Does 321 divide 34624665?
True
Is 169242 a multiple of 13?
False
Does 66 divide 76558523?
False
Does 895 divide 700176400?
True
Is 97 a factor of 271989358?
True
Does 52 divide 3509198576?
True
Is 255 a factor of 349637895?
True
Does 6793 divide 3735015539?
False
Does 6471 divide 258225255?
True
Is 941079741 a multiple of 21?
True
Is 8 a factor of 89304304?
True
Is 95298804 a multiple of 612?
True
Does 23 divide 202045225?
True
Is 765 a factor of 12708031?
False
Is 557236998 a multiple of 18?
True
Is 24932527 a multiple of 53?
False
Does 29 divide 18552094?
False
Is 10719333 a multiple of 3778?
False
Does 75 divide 15318274?
False
Is 653258396 a multiple of 930?
False
Is 249 a factor of 39471231?
True
Does 373 divide 148819540?
True
Is 63 a factor of 53798157?
True
Does 13 divide 18483569?
True
Does 893 divide 694519141?
True
Does 915 divide 296920973?
False
Is 668 a factor of 8807514?
False
Is 39323109 a multiple of 2?
False
Does 1316 divide 17201436?
True
Does 188 divide 5412194?
False
Does 7 divide 1116203424?
True
Is 170478939 a multiple of 4461?
False
Is 493571771 a multiple of 72?
False
Does 58 divide 15751426?
False
Is 232419 even?
False
Is 75 a factor of 1124920620?
False
Is 11 a factor of 4255427?
True
Is 334679739 a multiple of 2917?
False
Is 24 a factor of 31739928?
True
Is 69 a factor of 342585242?
False
Is 385762406 a multiple of 419?
True
Does 577 divide 194301288?
True
Is 24415884 a multiple of 19?
False
Is 33 a factor of 128761083?
True
Is 926488579 a multiple of 25?
False
Is 741 a factor of 7721156881?
False
Is 854978169 a multiple of 84?
False
Is 580 a factor of 173084180?
True
Does 1904 divide 457269580?
False
Is 7096011 a multiple of 13?
True
Is 278046 a multiple of 185?
False
Does 17 divide 1432411228?
True
Is 178732315 a multiple of 1064?
False
Is 12717 a factor of 1979561031?
False
Is 1212365 a multiple of 47?
True
Is 213 a factor of 202914662?
False
Is 10300367 a multiple of 29?
False
Is 92152287 a multiple of 113?
False
Does 1484 divide 496364062?
False
Is 280631526 a multiple of 49?
True
Is 83435585 a multiple of 186?
False
Is 269387818 a multiple of 12?
False
Is 22 a factor of 15959792?
False
Is 24868059 a multiple of 3?
True
Does 23 divide 176798447?
True
Is 1529126019 a multiple of 332?
False
Is 245 a factor of 151571482?
False
Is 92495610 a multiple of 1710?
True
Is 38729496 a multiple of 104?
True
Is 534866250 a multiple of 75?
True
Does 27 divide 31716144?
True
Is 372 a factor of 1190028?
True
Is 156212696 a multiple of 289?
False
Is 67433825 a multiple of 1675?
True
Does 62 divide 36083253?
False
Does 388 divide 301554099?
False
Is 17510633 a multiple of 889?
True
Is 8268750 a multiple of 189?
True
Is 2206 a factor of 306768680?
False
Is 4329747 a multiple of 4?
False
Is 418114464 a multiple of 31?
False
Is 62429956 a multiple of 65?
False
Is 449012176 a multiple of 16?
True
Is 41 a factor of 1743567448?
False
Is 613 a factor of 535895021?
True
Is 758743601 a multiple of 4717?
True
Is 387 a factor of 60188852?
False
Does 38 divide 2910506298?
True
Does 41 divide 13448828?
False
Is 3665410110 a multiple of 45?
True
Does 244 divide 405096966?
False
Is 12 a factor of 13106877?
False
Is 2781702 a multiple of 9?
True
Does 330 divide 182057370?
True
Is 305 a factor of 49604590?
True
Is 8 a factor of 41645348?
False
Is 9789207 a multiple of 47?
True
Does 434 divide 651358484?
True
Does 257 divide 22209155?
False
Is 21338103 a multiple of 3858?
False
Does 245 divide 958877078?
False
Is 1640 a factor of 8049912?
False
Does 2100 divide 94232977?
False
Is 99591479 a multiple of 53?
False
Does 7 divide 18045054?
False
Is 8 a factor of 3204617330?
False
Is 144 a factor of 3192785285?
False
Is 709 a factor of 508587161?
False
Does 1705 divide 230938840?
True
Does 3302 divide 54710838?
True
Does 297 divide 706314411?
True
Is 14 a factor of 40494056?
False
Does 30 divide 11862287?
False
Is 1220490889 a multiple of 90?
False
Is 2536480 a multiple of 2656?
True
Is 30 a factor of 222786438?
False
Is 1039225391 a multiple of 836?
False
Does 10 divide 156942540?
True
Is 29 a factor of 378325856?
False
Is 221 a factor of 27559437?
False
Is 2295974064 a multiple of 282?
True
Does 236 divide 197747232?
True
Does 92 divide 195556128?
False
Does 165 divide 438123838?
False
Is 230776151 a multiple of 32?
False
Does 2414 divide 331087615?
False
Is 39247225 a multiple of 25?
True
Is 56258707 a multiple of 1175?
False
Is 4 a factor of 563695624?
True
Is 164492 even?
True
Is 180463626 a multiple of 14?
True
Does 21 divide 14398398?
True
Is 1601333585 a multiple of 82?
False
Does 14 divide 598552668?
True
Is 63400546 a multiple of 166?
True
Is 19 a factor of 70918070?
True
Does 8 divide 3174433914?
False
Is 8444952 a multiple of 12?
True
Is 9755258 even?
True
Is 36 a factor of 31237452?
True
Is 2455382967 a multiple of 6429?
True
Does 561 divide 3516346651?
False
Does 1413 divide 119350824?
False
Is 490 a factor of 290316810?
False
Is 31 a factor of 54561577?
False
Is 5402376 a multiple of 2779?
True
Is 384532358 a multiple of 65?
False
Does 159 divide 56181219?
True
Does 39 divide 437662489?
False
Is 335808123 a multiple of 63?
False
Is 238 a factor of 342186427?
False
Does 4785 divide 1288227270?
True
Is 9 a factor of 24384717?
True
Does 12 divide 58265155?
False
Does 2062 divide 692523561?
False
Is 11 a factor of 702859771?
False
Does 61 divide 10405444?
False
Is 86924900 a multiple of 5?
True
Is 22320579 a multiple of 30?
False
Is 233 a factor of 13961360?
True
Does 14 divide 471577547?
False
Does 16 divide 1172121088?
True
Is 129478320 a multiple of 322?
False
Is 10502479 a multiple of 54?
False
Is 18 a factor of 37430368?
False
Is 3695 a factor of 40297670?
True
Is 197 a factor of 824035831?
True
Is 204 a factor of 19059924?
True
Is 2874 a factor of 898096260?
True
Does 40 divide 127124560?
True
Is 21 a factor of 2043674430?
True
Is 89274258 a multiple of 5?
False
Does 2 divide 638150?
True
Does 8 divide 4802202?
False
Is 447178320 a multiple of 972?
True
Does 132 divide 7219459?
False
Is 439843110 a multiple of 490?
True
Is 794966468 a multiple of 24?
False
Is 9550 a factor of 704554775?
False
Is 428 a factor of 44885091?
False
Does 718 divide 247872833?
False
Is 149 a factor of 319879262?
False
Is 7 a factor of 102625127?
False
Is 5458406813 a multiple of 119?
False
Is 1774 a factor of 476495993?
False
Is 24058418 a multiple of 463?
False
Does 223 divide 2314462485?
False
Does 25 divide 86578350?
True
Is 629457306 a multiple of 89?
True
Is 1394649438 a multiple of 182?
True
Is 159 a factor of 269488305?
True
Is 536237996 a multiple of 7?
True
Is 5 a factor of 2667199?
False
Is 36 a factor of 32274180?
True
Is 263 a factor of 110273007?
True
Does 865 divide 1609066945?
True
Is 12785 a factor of 1102846865?
False
Is 1295 a factor of 1046818626?
False
Does 257 divide 58734780?
True
Is 19 a factor of 527303048?
True
Is 135427557 a multiple of 202?
False
Is 20 a factor of 198360?
True
Does 223 divide 1202133905?
True
Does 242 divide 1058889876?
True
Is 755 a factor of 48627590?
False
Does 213 divide 96432041?
False
Is 1576368448 a multiple of 208?
False
Is 266778288 a multiple of 26?
False
Is 1384 a factor of 59739709?
False
Is 4773 a factor of 127854351?
True
Is 5084 a factor of 498588644?
False
Is 473304217 a multiple of 27?
False
Is 10613100 a multiple of 25?
True
Is 60209531 a multiple of 7?
False
Does 895 divide 16045560?
True
Does 717 divide 82641286?
False
Is 39195779 a multiple of 20?
False
Is 230 a factor of 2190655240?
True
Is 17494120 a multiple of 172?
True
Is 57007435 a multiple of 24?
False
Is 810 a factor of 888454029?
False
Is 1009723056 a multiple of 2280?
False
Is 108377184 a multiple of 12?
True
Is 183815778 a multiple of 74?
True
Is 3304905968 a multiple of 407?
False
Is 478156959 a multiple of 22?
False
Does 5 divide 85684296?
Fal